est common factor of l and 33.
33
Let w(u) = 13*u - 57. Let o be w(5). Suppose 4*n = 16, 3*z = -o*n + 7*n + 1348. What is the greatest common divisor of 56 and z?
56
Suppose 2*h = -4*z + 500, 3*z - 3*h + 123 = 489. What is the greatest common factor of z and 1581?
31
Let p(v) = -v**2 - 3*v + 7. Let k be p(-4). Suppose 3*a - 2*r - 306 - 120 = 0, -k*a - r = -435. What is the highest common factor of 9 and a?
9
Suppose 0 = 4*s - 9 + 1. Let x be -2 - (-11 + 5) - s/1. Suppose -4*f = 3*w + 5, 3*w + x*w = -3*f + 10. Calculate the greatest common divisor of w and 85.
5
Let t = 1604 + -1514. Calculate the greatest common factor of t and 245.
5
Let u be ((-9)/4)/((-63)/420). Suppose 434 = u*h - 8*h. Let m(k) = -k**3 + 5*k**2 + 5*k + 6. Let y be m(5). Calculate the highest common factor of h and y.
31
Let r(m) = 2*m - 20. Let p be r(-7). Let w = -20 - p. Let g be (w/(-21))/((-1)/45). Calculate the highest common divisor of g and 12.
6
Suppose 0 = 2*z - 4, 3*b - 2*b + 3*z - 15 = 0. Suppose -961 = 15*n - 46*n. Let v = 40 - n. Calculate the greatest common factor of b and v.
9
Suppose -2*z - 143 = 10*z - 647. Calculate the greatest common divisor of 16191 and z.
21
Let v = 504 + -296. Let a = 222 - v. Calculate the highest common factor of 406 and a.
14
Let t = -1502 + 1535. Calculate the highest common factor of t and 6.
3
Let g(r) = -5*r + 71. Let c(p) = p**3 - 4*p**2 - p - 8. Let i be c(5). Let a be g(i). What is the highest common divisor of a and 187?
11
Let j(h) = h**2 - h - 2. Let o be j(3). Suppose 3*m = p + 90 - 15, -4*p + 84 = o*m. Let i = m + -13. What is the highest common factor of 44 and i?
11
Let n be (10 + (7 - 7))*(-4)/(-10) - -74. Calculate the highest common factor of n and 12714.
78
Suppose b + 4*l - 2831 = 0, -b - 149*l + 151*l + 2825 = 0. Calculate the greatest common divisor of 11 and b.
11
Suppose -21*n + 27*n - 47277 = -11*n. What is the greatest common divisor of 459 and n?
27
Suppose -7*r = r - 96. Let n be 775/20 - r/16. Let k be (-95)/10*(0 + -2). Calculate the highest common divisor of n and k.
19
Let u be 44/16 + (-6)/16*2. Suppose 2*x = -b - 3, 0*x - 9 = u*x + 3*b. Suppose x + 8 = 8*i. Calculate the highest common divisor of 3 and i.
1
Let v = -3556 - -4996. Let q be v/(-27)*(-9)/4. What is the highest common factor of 48 and q?
24
Let f(i) = 14*i - 56. Let z = -298 + 305. Let y be f(z). What is the highest common factor of y and 21?
21
Let b = -4786 + 4800. What is the greatest common divisor of 21 and b?
7
Let d(k) = k**3 - 23*k**2 + 66*k - 489. Let y be d(21). Let m(h) = -70*h. Let x be m(-1). Let c = x - 40. Calculate the highest common divisor of y and c.
15
Let g be ((728/(-35))/(-1))/((-10)/(-125)*5). Calculate the highest common divisor of 416 and g.
52
Let n = -205 + 315. Suppose 6 = 3*i, -5*m + 2*i = -i - 819. What is the highest common divisor of m and n?
55
Let c be ((-376)/(-12))/((-6)/81 - 0). Let z be (1 + -1 + c)*249/(-747). Calculate the greatest common factor of 376 and z.
47
Let g(m) = m**3 + 99*m**2 - 353*m - 658. Let b be g(-102). What is the highest common factor of b and 88?
88
Let j be 602/((91/(-14))/(-13)). Calculate the highest common factor of 129 and j.
43
Let g(r) be the second derivative of 4*r**2 + 1/6*r**3 - 1/20*r**5 + 0 + 2*r - 1/4*r**4. Let m be g(-6). What is the highest common factor of m and 10?
10
Suppose 1145*v = 1260*v - 575. What is the greatest common factor of 11185 and v?
5
Suppose -5*d + x = -57, 137*x - 133*x = 12. What is the greatest common factor of d and 172?
4
Let c be 356/890*133*(-5)/(-2). What is the highest common divisor of c and 35?
7
Let q be -2 - -326 - (-4 - 56/(-7)). Calculate the greatest common factor of 80 and q.
80
Let f(o) = -15*o - 21. Suppose 5*d = 4*d + 3. Suppose -d*z = z - 4*p + 44, -41 = 4*z - 5*p. Let q be f(z). Calculate the highest common factor of 27 and q.
27
Suppose 0 = -6*p + 18*p. Let h be p - (-347 - (3 + 0)). What is the greatest common factor of 14 and h?
14
Suppose -10*i - 2*y + 224 = 0, -8*y - 112 = -4*i - 12*y. Let p(o) = -60*o - 1. Let k be p(-2). What is the greatest common divisor of k and i?
7
Suppose h = -2*h + 6. Suppose -h*d + 50 = -182. Calculate the greatest common divisor of d and 29.
29
Let i(q) = 1867*q - 4425. Let p be i(6). What is the greatest common divisor of p and 27?
27
Let l(y) = 2*y**3 + 8*y**2 + 4*y - 49. Let m be l(3). Calculate the greatest common divisor of m and 1513.
89
Suppose -17*q + 157*q - 230580 = 0. Calculate the greatest common divisor of q and 54.
27
Let n be (-10)/((-150)/(-111)) + 7 - (-5434)/10. What is the highest common divisor of n and 1267?
181
Suppose 17*h = 15*h + c + 693, -5*h + 3*c = -1735. What is the greatest common divisor of 24 and h?
8
Let t be 8231026/748 - (-1)/(-22). What is the greatest common divisor of t and 84?
84
Let s be (-3)/4 + 110/8. Let c(m) be the first derivative of 16*m**3/3 - 9*m**2/2 - 8. Let w be c(3). Calculate the highest common factor of s and w.
13
Let u(f) = f**3 + 3*f**2 - 3*f + 3. Let h = 14 - 13. Let d be ((-10)/4 + h)*2. Let t be u(d). What is the greatest common factor of t and 84?
12
Let i(j) = j**2 - 5*j - 3. Let q be i(0). Let b be q/7 + 4448/56. What is the greatest common divisor of 79 and b?
79
Let a be 116 + -2 + -3 - 6. Suppose a = 2*v - 25. Calculate the greatest common factor of 91 and v.
13
Suppose 9*r + 594 = -2*r. Let p = r + 44. Let u be (-4484)/p - (-4)/(-10). What is the highest common factor of u and 56?
56
Let t(w) = 45*w + 40 - 183 - 32. Let x be t(7). What is the highest common divisor of x and 105?
35
Suppose 2*m + 6*b - 180 = 2*b, -4*m + b = -369. Suppose 92 = -4*z - m. Let q = z - -58. What is the greatest common divisor of 36 and q?
12
Suppose 46*p - 403 = 5807. Calculate the highest common factor of 110 and p.
5
Let s = 3492 - 1138. What is the highest common divisor of s and 22?
22
Let w = 293 + 98. What is the highest common factor of w and 138?
23
Suppose 1150 - 282 = 4*v. Suppose -5*f + 3*y - 210 = -8*f, -3*f + 4*y + v = 0. Calculate the greatest common factor of 71 and f.
71
Let l = -32496 - -32856. What is the highest common divisor of l and 440?
40
Let s be ((-161)/92)/(42/12) + 6821/2. What is the highest common divisor of s and 10?
10
Let d be (-1020)/6*4/(-5). Let s = 3369 + -3352. Calculate the greatest common factor of s and d.
17
Let u = 2967 + -1618. Let g = u + -950. What is the greatest common divisor of g and 57?
57
Let s(d) = -4*d - 112. Let p be s(-26). Let r be (-1515)/p + (-21)/56. Calculate the highest common divisor of r and 9.
9
Let o be -10 - ((-130)/(-13) + -110). Suppose 7*k + 1872 = 20*k. What is the highest common factor of k and o?
18
Let g(u) = 0*u**3 + 10*u**2 - 351*u + u**3 - 14 + 370*u. Let b be g(-6). Calculate the greatest common divisor of b and 32.
16
Let k be 15/(-1 + -2) - (20 + -29). Let g be -1*(k - 3) + 112/7. What is the highest common divisor of 15 and g?
15
Suppose -184*n + 182*n = -144. What is the highest common factor of n and 39384?
72
Let d(u) = -3*u**3 + 4*u**2 + 3*u + 11. Let g be d(-3). Calculate the greatest common factor of 133 and g.
7
Let x be 2/7 + 1236/84. Suppose 0*r = -3*u - r + x, -5*u + 5*r = -45. Suppose u*t - 3*t = 1176. Calculate the greatest common divisor of t and 49.
49
Suppose -175*g - 140 = -h - 180*g, -5*h - 3*g = -700. What is the greatest common divisor of 10220 and h?
140
Let b(r) = -r**2 + 4*r + 2230. Let x be b(49). Calculate the highest common factor of x and 170.
5
Suppose 34*r = 4777 + 6443. Calculate the highest common divisor of r and 935.
55
Let o(g) = -364*g + 2614. Let p be o(7). What is the highest common divisor of p and 4191?
33
Let x(f) = f**3 + 10*f**2 + 10*f + 10. Let h be x(-9). Let z be (2 - 1) + (-16 + h - -1). Let r = z - -76. What is the greatest common factor of r and 7?
7
Suppose 2*r + a = 2281, -8*a + 11*a - 2287 = -2*r. Let k(h) = 4*h + 1. Let i be k(4). What is the greatest common factor of r and i?
17
Let s(r) = -r**2 + 39*r - 60. Let d be s(3). Let o = 184 - -128. What is the greatest common factor of d and o?
24
Let l = -766 - -1398. Suppose -3*r = -84*y + 82*y - 1892, 2*y + l = r. What is the highest common factor of r and 14?
14
Suppose 18*x + 335790 = 46*x + 50*x. What is the greatest common divisor of x and 5?
5
Suppose 9*a 